= -3265 - -5483. Does 12 divide q?
False
Let c = 16 + -19. Is 12 a factor of 4 + (26 - c) + 3?
True
Let q be 69/21 + (16/(-14))/4. Is 23 a factor of 1 + 66 + (12/2)/q?
True
Let k be 18/4 + 5/(-10). Suppose -20 = k*o - 9*o. Suppose 1 = -z, 4*n - z + o = 17. Does 2 divide n?
False
Suppose 4*q = 17 + 7. Suppose 110 - q = -4*z. Let p = z + 47. Does 15 divide p?
False
Let o(t) = 3*t - 24. Let f be o(9). Suppose -3 - 15 = -f*b. Does 6 divide b?
True
Suppose -7*u + 498 = -636. Is 49 a factor of u?
False
Let i = -11 + 16. Let r be ((-2)/(-8))/(i/20). Suppose 2*l + r = 57. Does 10 divide l?
False
Let j(h) = h**2 - 1. Let n be j(-1). Suppose -38 = -4*u - 2*l, n*l - 5 = -l. Does 2 divide u?
False
Suppose 2*n = n - 4*j + 637, 5*j = 2*n - 1235. Is 4 a factor of n?
False
Let s = 458 + 10. Is s a multiple of 6?
True
Suppose -121*p + 105*p + 21760 = 0. Is 14 a factor of p?
False
Suppose -5*l = q + 2034, 4*q + l - 2*l = -8031. Does 5 divide q/(-21) + 2/(-3)*1?
True
Let x = 132 - -124. Does 64 divide x?
True
Suppose 9 = 6*i - 3*i. Suppose 4*f - 525 = -i*f. Is 8 a factor of f?
False
Let s(h) = h**2 - 10*h + 8. Let k be s(10). Let g = 30 - k. Is g a multiple of 11?
True
Suppose -r = 4*v - 216, -2*v = -0*r - 5*r + 1146. Is 12 a factor of r?
True
Let b(j) = -j**3 - 12*j**2 + 41*j - 15. Does 45 divide b(-15)?
True
Let o(m) = -24*m - 3. Is 11 a factor of o(-13)?
False
Let s(q) = 2*q + 17. Let w be s(-6). Suppose w*m - 29 = -3*k, -5*m + 3*k + 11 = -0*k. Let r(l) = 2*l - 2. Is r(m) even?
True
Let a(b) = -b**2 - 9*b - 15. Let w be a(-3). Suppose 0 = m + 2*m + 6, 4*i - 522 = w*m. Does 18 divide i?
False
Let t(h) = 6*h**2 + 6*h + 3. Let q be (-12)/(-8) - 69/2. Let a = q + 31. Is 15 a factor of t(a)?
True
Suppose 9*u - 7*u - 2618 = 2*t, 1309 = u + 3*t. Does 17 divide u?
True
Suppose -34272 + 2682 = -15*z. Is 14 a factor of z?
False
Let s(v) = -v**2 + v + 969. Does 57 divide s(0)?
True
Let m be ((-8)/(-2))/(3 + -1). Suppose 30 = -m*j + 4*s + 2, 0 = -2*s + 8. Let i(a) = -a**2 - 10*a - 6. Does 18 divide i(j)?
True
Let l = 530 + -165. Suppose h + v - l = -2*h, 0 = 4*h - 4*v - 460. Is h a multiple of 20?
True
Suppose 100 = 5*t - 0*t. Let r = -20 + t. Suppose -c + 3 = -r. Does 3 divide c?
True
Let m = 1322 + 2667. Suppose 11*t - m = -1481. Is 57 a factor of t?
True
Let s be 4 + 0/(1 + -6). Suppose s*j + 0*j - 4*o = 396, 4*o - 380 = -4*j. Does 20 divide j?
False
Suppose 0 = 5*v - 61 - 734. Is v a multiple of 43?
False
Suppose -5*k + 489 = -4*y - 422, 5*k = y + 914. Is 45 a factor of k?
False
Let i(s) = s**3 + 2*s**2 + 3*s + 2. Let z be i(0). Is 3/9 + (z - (-622)/6) a multiple of 44?
False
Let w = -517 + 560. Is 2 a factor of w?
False
Suppose -2*c = 2*k + 1244 - 7234, -5*k + 11975 = 4*c. Is 60 a factor of c?
True
Suppose -3358 - 851 = -23*u. Is 18 a factor of u?
False
Let z(v) = v**3 + 30*v**2 + 11*v - 22. Does 20 divide z(-29)?
True
Suppose -3*m + 327 = s - 6*s, 3*m - 309 = -s. Suppose -4*o + 20 = o, -3*o + m = 4*c. Is 6 a factor of c?
False
Let t(l) = 2*l - 10. Let x be t(6). Is x + 2/(-2) + 143/1 a multiple of 10?
False
Suppose 0 = 5*j + 3*f - 712, 5*f + 66 = 4*j - 474. Suppose -3*a = -a - j. Is 10 a factor of a?
True
Let f(d) = 31 + 15*d + 20*d - 34*d. Is f(-15) a multiple of 8?
True
Suppose 0*i + 12*i - 240 = 0. Does 20 divide i?
True
Let z(h) = -h. Does 10 divide z(-10)?
True
Let f(l) = 18*l**2 - 121*l - 12. Is 11 a factor of f(13)?
False
Suppose 0 = -5*v + 4*a + 32, 5*a + 12 = a. Let d = 0 - -1. Let r = d + v. Is r a multiple of 5?
True
Let l = -45 - -54. Suppose -3*b - 60 = -l*b. Does 6 divide b?
False
Suppose -3*s = -5*s + 2, 5*z + 3*s - 1623 = 0. Is 3 a factor of z?
True
Suppose -5*u - 5*n = -130, -5*n + 0*n = 3*u - 80. Let j = -15 + u. Does 10 divide j?
True
Let l(s) = -5*s - 6. Let y be l(-2). Is (2/(-3))/(y/(-342)) a multiple of 16?
False
Let t(s) = -s - 1. Let z(c) = c**2 - 2*c + 10. Let w(g) = t(g) + z(g). Let i be 0 - (-10)/(-1 - -3). Does 7 divide w(i)?
False
Suppose 4*j + 22 = -2*n, -5*j + 0*j - 26 = n. Let l = -150 + 224. Is 12 a factor of 2*n/(-4)*l?
False
Let b = 16 + -20. Does 10 divide -4 - (-100 - -3) - b?
False
Suppose 5*f + 4*b - 30 = 0, 2*b = 2*f - 2*b + 16. Suppose -f*o + 53 = -h - 58, o - 43 = 3*h. Does 2 divide o/18 - (-2)/(-9)?
False
Let n = -5 + 8. Suppose 2*m = 7*m - 20. Suppose m*u + n - 79 = 0. Does 14 divide u?
False
Suppose 5*i - 14 = 451. Is 10 a factor of i?
False
Suppose -9*l - 191 = -12*l - 5*k, -2*k - 339 = -5*l. Does 3 divide l?
False
Let s(w) = -w - 14. Let m(a) = -a + 1. Let g(p) = -3*m(p) + s(p). Let h be g(8). Does 13 divide (4 + 9)*(h + 4)?
True
Let i(o) = -52*o + 26. Does 51 divide i(-25)?
True
Suppose -w + 374 = -1591. Does 15 divide w?
True
Suppose -64 = -4*b - 5*k + 301, -2*b + 2*k + 178 = 0. Let f = b + -52. Is 13 a factor of f?
False
Let f be -2 + 14/3 + (-8)/12. Suppose -3*d + 170 = 2*d. Suppose 0 = -f*u - 2 + d. Is u a multiple of 8?
True
Let v(w) = -w**2 - w - 3. Let f(x) = -x**3 - 3*x**2 + 3*x - 7. Let a be f(-4). Let c be v(a). Does 4 divide (c - -5) + 4*4?
True
Suppose 3176 = 3*u + t, 63*t - 67*t = 4. Does 18 divide u?
False
Let b(s) be the second derivative of s**3 - 11*s**2/2 - 5*s. Is 5 a factor of b(5)?
False
Suppose -5*m = -9*m + 20. Suppose -29 = -6*i + m*i. Does 10 divide i?
False
Let a(h) = h**2 - 7*h - 4. Let n be a(6). Let w = n - -13. Suppose -2*c = -3*p + 117, 2*c + w*c - 170 = -5*p. Is 15 a factor of p?
False
Suppose -2*p + 4*p - 5*t - 3823 = 0, -3 = 3*t. Is 5 a factor of p?
False
Suppose 793*l - 7968 = 785*l. Does 18 divide l?
False
Let t = 1554 + -1282. Is t a multiple of 43?
False
Suppose -10*p + 9*p + r = -2, p - 17 = -4*r. Is 14 a factor of (-24)/p*140/(-6)?
True
Suppose 0 = 4*b - 2*p + 83 + 275, 3*b + 271 = -p. Let q be (-1134)/b + 3/(-5). Let i = 30 - q. Is i a multiple of 9?
True
Is 11 a factor of ((-7)/((-56)/66))/(3/184)?
True
Suppose 4*l + 72 = 84. Let h(c) = 2*c**3 + c**2 + 3*c - 2. Is 7 a factor of h(l)?
True
Is (-5 - 4) + (6 - -554) a multiple of 19?
True
Suppose -20*k + 21*k = 0, 5*w - 620 = 3*k. Is w a multiple of 3?
False
Let i(k) be the second derivative of 4*k**3/3 + 8*k**2 - k. Is 8 a factor of i(7)?
True
Let l(f) = f**3 - 4*f**2 - 5*f + 2. Let x be l(5). Suppose -x*i + 192 = 2*q, -4*q + 5*i + 0*i = -384. Is q a multiple of 24?
True
Let c = -307 + 529. Is c a multiple of 6?
True
Let p(l) = l**3 - 18*l**2 + 17*l. Let d be p(17). Suppose d*t = 7*t - 616. Does 17 divide t?
False
Suppose 4*j = -3*d - 28, 0*j + 32 = -3*j - 5*d. Is 3/(67/(-17) - j) a multiple of 17?
True
Suppose -26*s = -24*s - 1038. Is s a multiple of 28?
False
Suppose -115 - 343 = -2*u. Is u a multiple of 33?
False
Let w be 64 - 3 - 1 - 16/(-4). Suppose 7*a + w = 876. Does 10 divide a?
False
Suppose 0 = -29*l + 20232 + 28082. Is l a multiple of 14?
True
Let z(n) = 4*n - 3*n - 1 - 10. Let o be z(8). Is 2/o + 83/3 a multiple of 9?
True
Let a = 5 + -3. Suppose a*h + 4*h = 72. Is h a multiple of 12?
True
Let x(j) = j + 11. Let r be x(-8). Suppose -4*i - 8 = -q, -5*q + 2*i = r*i - 19. Suppose 28 + 16 = q*o. Is 11 a factor of o?
True
Let d = 10 + -3. Let f be 18/4 + (-1)/2. Suppose f*r = d*r - 150. Is 14 a factor of r?
False
Let l(u) = -12*u**2 - 2 + 12*u - 6*u**3 + 4*u**3 + 3*u**3. Let k be l(11). Suppose 3*r = k, 0 = i + 3*r + r - 39. Does 10 divide i?
False
Let o = 505 + -298. Is o a multiple of 25?
False
Let s(n) = n + 6. Let y(z) = -z**3 + 10*z**2 + 10*z + 5. Let t be y(11). Let d be s(t). Suppose d*c + 108 = 3*c. Does 12 divide c?
True
Suppose 5*h + 3*r + 28 = 142, 0 = -2*h - 3*r + 42. Suppose -9 = m - h. Is m a multiple of 2?
False
Suppose 209*r - 22848 = 203*r. Is 56 a factor of r?
True
Let x(v) = -5*v - 18. Is 11 a factor of x(-8)?
True
Let v = -1216 + 2656. Is 12 a factor of v?
True
Let x = 26 + -19. Is 10 a factor of 465/x + (-9)/21 - -1?
False
Let o = 150 - 138. Is o a multiple of 4?
True
Let o = -30 + 28. Let b(x) = 6*x**2 + x + 3. Is 25 a factor of b(o)?
True
Suppose -204*q + 201*q + 6501 = 0. Is q a multiple of 41?
False
Suppose 4 = 3*z - 2*k, 0*z - 3*k = -z + 6. Let j = -16 - -44. Suppose -2*i + j = -z*i. Does 3 divide i?
False
Let m(k) = k**2 - 25*k + 156. Is m(73) a multiple of 157?
False
Suppose i + 4393 = 5*l + 1582, -3*l + 5*i = -1691. Is 68 a factor of l?
False
Let j be 286/8 - 5/(-20). Suppose 4*c - c + j